True
Is 10 a factor of 1699856?
False
Is 130 a factor of 14027650?
True
Does 635 divide 338957920?
True
Is 55339617 a multiple of 101?
True
Does 588 divide 308723520?
True
Is 153070568 a multiple of 115?
False
Does 93 divide 122339984?
False
Is 122748734 a multiple of 775?
False
Is 393 a factor of 62952575?
False
Is 1857383689 a multiple of 8?
False
Does 34 divide 207187959?
False
Is 2225 a factor of 95899725?
True
Is 12386190 a multiple of 345?
True
Is 433 a factor of 9374450?
True
Is 2737 a factor of 500852130?
False
Is 30607143 a multiple of 15?
False
Is 17830008 a multiple of 4284?
True
Is 462337137 a multiple of 1557?
True
Is 1403 a factor of 217666655?
False
Is 849 a factor of 453361486?
False
Does 484 divide 77830332?
False
Does 45 divide 48458700?
True
Is 170657049 a multiple of 109?
True
Is 240 a factor of 1554240?
True
Does 7126 divide 1079147188?
True
Does 28 divide 1897886720?
False
Does 88 divide 6229049443?
False
Is 279 a factor of 21113325?
True
Is 280 a factor of 3100457169?
False
Does 17 divide 1969954864?
False
Is 194527737 a multiple of 2349?
True
Does 212 divide 28929944?
True
Is 203538940 a multiple of 605?
True
Is 1252 a factor of 449452976?
True
Is 1222 a factor of 1508815978?
False
Does 337 divide 318769311?
True
Is 21 a factor of 347111121?
True
Is 735 a factor of 2094956535?
True
Does 90 divide 11029799?
False
Is 252327541 a multiple of 937?
True
Does 38 divide 266223078?
False
Does 63 divide 67659139?
False
Is 186 a factor of 19604598?
False
Does 15 divide 1664263050?
True
Is 2899 a factor of 149105496?
False
Does 1875 divide 279958461?
False
Is 9 a factor of 170201017?
False
Is 2 a factor of 136879549?
False
Is 3636861 a multiple of 87?
True
Is 8 a factor of 68573214?
False
Does 1976 divide 516158475?
False
Is 8089 a factor of 262941034?
True
Does 37 divide 3764670?
False
Is 299 a factor of 22342775?
True
Is 30276301 a multiple of 7?
False
Is 97 a factor of 4712487?
False
Is 18126099 a multiple of 9?
True
Is 36 a factor of 11582903?
False
Does 1717 divide 44991892?
False
Is 15742540 a multiple of 878?
True
Does 8 divide 301173695?
False
Is 168827977 a multiple of 137?
True
Does 3 divide 1323111570?
True
Is 205887544 a multiple of 4?
True
Is 2718447 a multiple of 1999?
False
Does 579 divide 230585592?
True
Is 162 a factor of 760348?
False
Does 1823 divide 271092008?
False
Does 5 divide 254546505?
True
Is 2064 a factor of 518271873?
False
Does 494 divide 101926431?
False
Is 9 a factor of 213966333?
True
Is 27 a factor of 11891070?
True
Does 1477 divide 10471381?
False
Is 1978912 a multiple of 142?
True
Does 26 divide 373741342?
True
Does 50 divide 26012200?
True
Is 9 a factor of 113621652?
True
Is 1576959980 a multiple of 80?
False
Is 559074913 a multiple of 419?
False
Does 64 divide 322132162?
False
Is 81 a factor of 10221066?
True
Is 57522432 a multiple of 264?
True
Does 259 divide 513137355?
False
Does 399 divide 51726759?
True
Is 820 a factor of 19536619?
False
Is 81403075 a multiple of 845?
True
Does 227 divide 454417226?
True
Is 14137886 a multiple of 27?
False
Is 18 a factor of 74700468?
True
Is 363864692 a multiple of 5543?
True
Does 749 divide 232340967?
False
Does 143 divide 83301261?
False
Does 110 divide 884341980?
False
Does 1810 divide 337190330?
True
Is 9307602 a multiple of 34?
True
Is 1201761493 a multiple of 290?
False
Is 7 a factor of 4851735?
True
Does 314 divide 75674002?
False
Does 239 divide 75031660?
True
Is 66 a factor of 67690445?
False
Is 2398292587 a multiple of 97?
False
Is 22740145 a multiple of 409?
False
Does 7 divide 862512702?
False
Is 325016088 a multiple of 12?
True
Does 3799 divide 1999736615?
True
Is 1710 a factor of 2502657?
False
Is 8166 a factor of 151364976?
True
Does 4 divide 297374088?
True
Is 3410185814 a multiple of 14?
True
Is 523479940 a multiple of 530?
True
Does 474 divide 6538152?
False
Is 2 a factor of 1942077?
False
Is 45 a factor of 18810840?
False
Does 14 divide 61884032?
True
Does 579 divide 352610721?
False
Is 1928256 a multiple of 368?
False
Is 2264598814 a multiple of 1126?
True
Is 11 a factor of 2915370?
False
Is 1909788852 a multiple of 2517?
True
Is 865 a factor of 15436790?
True
Is 107 a factor of 155469502?
True
Is 15 a factor of 16701210?
True
Does 663 divide 100049088?
False
Is 73272256 a multiple of 8?
True
Does 1651 divide 154832431?
True
Is 38153400 a multiple of 50?
True
Is 2784777801 a multiple of 13?
True
Does 23 divide 41655371?
False
Is 1746675966 a multiple of 93?
True
Does 117 divide 72823491?
True
Is 38834163 a multiple of 689?
False
Is 30500397 a multiple of 489?
True
Is 558 a factor of 165688764?
False
Is 94 a factor of 11802852?
False
Is 1645 a factor of 312829650?
True
Does 1003 divide 1552620484?
False
Is 238202977 a multiple of 8?
False
Is 23 a factor of 224819618?
True
Is 7587677 a multiple of 23?
True
Is 274892456 a multiple of 32?
False
Is 651 a factor of 523082546?
False
Is 19 a factor of 25960265?
False
Does 263 divide 836098866?
False
Is 591709620 a multiple of 87?
True
Is 493503465 a multiple of 273?
True
Is 52369830 a multiple of 477?
True
Does 101 divide 256406781?
True
Is 212527230 a multiple of 1573?
False
Does 91 divide 6383741?
True
Is 4 a factor of 18814268?
True
Does 1023 divide 22083501?
True
Is 138 a factor of 116665988?
False
Is 11 a factor of 372002730?
True
Is 4532698 a multiple of 446?
True
Does 93 divide 294850096?
False
Is 486 a factor of 66185345?
False
Is 62369402 a multiple of 647?
False
Is 11 a factor of 24187988?
True
Is 2719 a factor of 550902896?
False
Does 746 divide 20304084?
False
Is 884 a factor of 196797469?
False
Does 776 divide 136003131?
False
Does 209 divide 36380630?
True
Is 1738640241 a multiple of 10996?
False
Is 160 a factor of 11451800?
False
Is 40216341 a multiple of 74?
False
Does 25 divide 155221672?
False
Is 35 a factor of 966125545?
True
Is 12614282 a multiple of 41?
False
Is 220909681 a multiple of 1231?
False
Is 644 a factor of 249833026?
False
Does 805 divide 5146365?
True
Is 4729608 a multiple of 117?
True
Is 280805931 a multiple of 21?
True
Is 501643 a multiple of 3?
False
Does 5443 divide 4809805248?
False
Is 1225 a factor of 356979700?
True
Does 7748 divide 1719854552?
True
Does 11 divide 2887310640?
False
Does 303 divide 10516569?
False
Is 16389504 a multiple of 288?
True
Is 1055 a factor of 1130497910?
True
Is 14 a factor of 156775284?
False
Is 19 a factor of 13729020?
True
Is 75 a factor of 65026589?
False
Is 5063 a factor of 713245062?
True
Does 130 divide 34957520?
True
Is 11 a factor of 2184693?
False
Is 244 a factor of 114563026?
False
Does 128 divide 79722016?
False
Does 140 divide 1076292000?
True
Does 20 divide 417588260?
True
Does 8 divide 29873320?
True
Is 108 a factor of 47351520?
True
Is 213 a factor of 525866381?
False
Does 1166 divide 759704198?
False
Is 3 a factor of 416995203?
True
Does 213 divide 33269812?
False
Is 90544225 a multiple of 2275?
False
Does 8 divide 519296736?
True
Does 62 divide 34444782?
True
Is 1266383403 a multiple of 27?
True
Is 20 a factor of 14681501?
False
Does 365 divide 55813610?
True
Is 138161452 a multiple of 638?
True
Is 526373260 a multiple of 721?
True
Is 1125306 a multiple of 26?
True
Is 3228078 a multiple of 42?
True
Is 1046724453 a multiple of 29?
False
Is 127 a factor of 30112716?
True
Does 409 divide 24705236?
True
Does 1213 divide 78088088?
True
Is 5 a factor of 447589?
False
Does 667 divide 162794157?
False
Is 371929320 a multiple of 31?
True
Is 20 a factor of 8890660?
True
Is 4521 a factor of 370125228?
True
Is 122717100 a multiple of 300?
True
Is 7816068 a multiple of 13?
True
Is 10098120 a multiple of 12?
True
Does 31 divide 11167227?
False
Does 14 divide 319185888?
True
Does 9 divide 289864105?
False
Is 120314408 a multiple of 128?
False
Is 128 a factor of 14124197?
False
Is 18438346 a multiple of 18?
False
Does 8 divide 2170881997?
False
Is 8 a factor of 3020645985?
False
Is 8541896 a multiple of 22?
True
Does 37 divide 17481908?
True
Is 3 a factor of 604473694?
False
Does 590 divide 31775466?
False
Is 3922926 a multiple of 71?
False
Does 259 divide 555873715?
False
Is 2531 a factor of 194352959?
True
Does 39 divide 10664745?
True
Is 3 a factor of 15874989?
True
Is 392 a factor of 25833192?
True
Is 172 a factor of 597